o be y(2). Suppose 3*g - 5*a = -3, -5*a + f*a - 5 = -o*g. List the prime factors of g.
2
Let t(g) = g. Let q be t(4). Suppose -q*x + m = -109, 225 = 5*x - 3*m + 80. Suppose 6 - x = -5*i. What are the prime factors of i?
2
Suppose 11 = 5*s + g, -2*s - 5*g + 6 + 3 = 0. Suppose 6*i = s*i + 36. Suppose 2*f - i = -f. What are the prime factors of f?
3
Suppose 2*b = -0*l + 3*l - 9, -5*l + 5*b + 10 = 0. Let t(r) = -6 + 1 + 0 + 4*r. List the prime factors of t(l).
3, 5
Suppose 0 = -3*j + 9. Suppose -j*c + 4*u = -6*c + 121, -3*c + 3*u = -93. Suppose c = 5*y - 0*y. What are the prime factors of y?
7
Let m = -6 - -25. What are the prime factors of m?
19
Let m(p) = -p**3 + 3*p**2 + 4*p - 1. What are the prime factors of m(3)?
11
List the prime factors of 54/2 + (-24)/(-12).
29
Suppose d - 12 = -3*d. Suppose -d*u + 14 = -7. List the prime factors of u.
7
Let l(u) = -u**3 + 5*u**2 - 3*u - 4. Let c be l(4). Suppose s - 3 = -c*s. List the prime factors of (15/(-2))/(s/(-4)).
2, 5
Let q(a) = a**3 + 7*a**2 + 7*a + 9. Let n be q(-6). Let p = 8 - n. Suppose 52 = p*v - 53. What are the prime factors of v?
3, 7
Let d(p) = 2*p**2 + p + 89. What are the prime factors of d(0)?
89
Let l(c) = c - 16. List the prime factors of l(18).
2
Let a(r) = -r + 10. Let y be a(7). Suppose -3*t = -y*w - 2 - 1, 2*w - 1 = t. What are the prime factors of w?
2
Let f(u) = u**3 - 2*u**2 + 7*u + 1. Let y(a) = -a**2 + a + 1. Let b(m) = -f(m) + 6*y(m). List the prime factors of b(-4).
3
Let d(g) = 2*g**3 - 4*g**2 + 4. Let l be d(3). Suppose -4*x + x = b - l, -5*b + 8 = -2*x. List the prime factors of x.
2, 3
Suppose 0 = -m + 5*m - 2*i - 166, 0 = -3*m - 4*i + 152. What are the prime factors of m?
2, 11
Let y(u) = 8*u + 1. List the prime factors of y(14).
113
List the prime factors of 10 - 2*(-3 + 5).
2, 3
Let x = 0 - 11. Let z = x - -15. Let m = z - -7. What are the prime factors of m?
11
Let h(b) = -4*b - 17. List the prime factors of h(-11).
3
Suppose 2*i = -c + 270, -1744 = -5*c - 4*i - 364. List the prime factors of c.
2, 5, 7
Suppose -3*j - 2*f + 853 = 0, f - 1144 = -4*j + 5*f. What are the prime factors of j?
3, 5, 19
Let d = 14 - 10. Suppose -d*c - 78 = -7*c. What are the prime factors of c?
2, 13
Let p(d) = -d**2 - 10*d + 6. Let h be p(-11). Let i(t) = -t**3 - 2*t**2 + 5*t + 4. List the prime factors of i(h).
2, 3
Let v be (-24)/(-2) + 1 - 3. List the prime factors of (60/(-25))/((-2)/v).
2, 3
Let w be (2 - (4 - 2)) + 20. Suppose -w = 3*y - 62. What are the prime factors of y?
2, 7
Suppose 133*x - 128*x = 20. What are the prime factors of x?
2
Let n(b) = -4*b + 2. What are the prime factors of n(-3)?
2, 7
Let o(u) = -5*u - 2. Let c be o(-3). Let a = c - 23. What are the prime factors of (-2)/(4/a) - 2?
3
Let d(m) = -m**2 - 20*m + 9. What are the prime factors of d(-19)?
2, 7
Let x(z) = z**2 - 4*z - 1. Let f be x(3). Let a(q) = -q**3 - 2*q**2 + 5*q - 2. List the prime factors of a(f).
2, 5
Suppose 0 = 6*q - 2*q - 104. Let p = -14 + q. Suppose -4*y = -y - p. List the prime factors of y.
2
Let f be 2*1/((-4)/(-14)). What are the prime factors of 4*f - 3/(-1)?
31
Suppose -p + 92 = p. List the prime factors of p.
2, 23
Suppose 4*x + 16 = 0, -2*i + 65 = 5*x - 3. List the prime factors of i.
2, 11
What are the prime factors of (-44 + 0)*(-1 - (-6)/(-4))?
2, 5, 11
Suppose -330 = -5*x + 2*m + 121, m = 2. List the prime factors of x.
7, 13
Let d be 260/(-4) + 0 + 0. Let y = -44 - d. List the prime factors of y.
3, 7
Suppose n = h + 72, 6*h - 2*h - 16 = 0. List the prime factors of n.
2, 19
Let g = 158 - 317. Let f = -113 - g. What are the prime factors of f?
2, 23
What are the prime factors of (1 + -25)*(-1 + 0)?
2, 3
Let c(z) = -4 + 2 + z + 4 + 0. Let v be c(0). List the prime factors of v/(1 + 3)*26.
13
Let p(m) = m - 6. Let w(r) = r**2. Let a be w(2). Suppose o - 4 - a = 0. What are the prime factors of p(o)?
2
Suppose 12 = 3*c + 3*l, -c + 2*l = -2*c + 5. Suppose -c*x + 5 = -1. Suppose 0 = 4*o + i - 84, -3*o - 2*i = x*o - 102. List the prime factors of o.
2, 11
Let j(h) = -h - 4. Let w(p) = p**3 - 6*p**2 - 8*p + 4. Let k be w(7). Let n be j(k). Let g = 2 - n. What are the prime factors of g?
3
Let x(o) = -o + 13. Let t be x(8). Suppose 4*d + 12 - 3 = f, 5*f + t*d = -30. Let i(h) = h**2 + h - 3. List the prime factors of i(f).
3
Let b(d) = d - 6. Let i be b(7). Let z be 2 + (2 + 0 - i). Suppose -j = -z*j + 8. What are the prime factors of j?
2
Let m(j) = 4*j**2 - 4*j - 4. Let q be m(-3). Suppose -5*d + d - q = -4*n, -n - d + 17 = 0. List the prime factors of n.
2, 7
Let l = 101 + -58. Suppose -z + 0*z = -l. List the prime factors of z.
43
Suppose 5*z + 4*j = -3 + 19, 14 = 4*z + 2*j. Suppose 6*s - s = 3*b + 45, -36 = -z*s - 4*b. List the prime factors of s.
3
Suppose 0 = -b - 4*b + 5, 4*b - 53 = -l. List the prime factors of l.
7
Let o(s) = -3*s + 22. Let k(j) = 4*j - 21. Let v(a) = 2*k(a) + 3*o(a). What are the prime factors of v(0)?
2, 3
Suppose 3 - 12 = -3*r. Suppose -3*m = -4*p + 44, -r*p = 7*m - 2*m - 4. List the prime factors of p.
2
Let w = -1 - -3. Suppose w*d = -3*d + 20. What are the prime factors of d?
2
Suppose -12 + 4 = -4*r. Suppose -r*z = 4 - 0. List the prime factors of z/2 + 2 + 6.
7
Suppose 6 = 3*n - 6. Suppose n*z - 4*i - 60 = 0, -i + 7 = -2*z + 3*z. What are the prime factors of z?
11
Suppose -b + 4*m = 7*m - 116, 4*m = -5*b + 569. What are the prime factors of b?
113
Let i(u) = -u - 2. Let a be i(-11). Let h(y) = 3*y + 3. List the prime factors of h(a).
2, 3, 5
Suppose 2*z = 5*z - 171. Suppose 0*a - z = -3*a. List the prime factors of a.
19
Suppose -3*c = -2*c - 3*t - 12, -101 = -3*c - 4*t. List the prime factors of c.
3
Suppose -f + 5 + 7 = 0. Let d be f/9 - 4/(-6). Suppose d*t = -0*t + 8. List the prime factors of t.
2
Suppose 2*r = -0*r + 42. Suppose 2*k - r = k. Suppose -2*i + k = l, -2*i - 2*l + 13 = -7. List the prime factors of i.
11
Suppose -2*z - z - 2*p = -354, -3*z + 2*p + 354 = 0. Let a = 168 - z. Suppose -7*k + a = -2*k. What are the prime factors of k?
2, 5
Suppose 2*a + 2*a - 20 = 0. Let i be -2 + a/(15/12). Suppose 7 = i*v + c, 2*c - 4 = -2*v + 2. List the prime factors of v.
2
Suppose -k + 9 + 2 = 0. Suppose -k = -2*p + 3. What are the prime factors of p?
7
Suppose 5*l = -x - 0*x + 48, 5*x = 3*l + 128. Let q = x + -6. What are the prime factors of q?
2, 11
Let f = 0 + 3. Suppose d + 2*z + 83 = -2*d, 78 = -f*d + 3*z. Let x = d - -42. What are the prime factors of x?
3, 5
Let o(n) = n**2 - 15*n + 17. Let g be 15 - (3 - (-2)/(-1)). Let b be o(g). Suppose -y = -b*h + h - 15, 5*y - 93 = h. List the prime factors of y.
19
Suppose 1 + 6 = t + 2*h, 0 = -4*h + 4. Suppose -j - 2*v + 31 = 3*v, v = t. List the prime factors of j.
2, 3
Suppose 4*y + 2*z = 272, 0*z = 5*z - 10. What are the prime factors of y?
67
Let r be -3 + (-3 + 9)/1. List the prime factors of ((-406)/21)/((-2)/r).
29
List the prime factors of -6 + 57 + 1*-3.
2, 3
Let m(p) = -p**3 - 7*p**2 - 7*p - 2. Let b be m(-6). Suppose 0 = x + b*x - 50. What are the prime factors of x?
2, 5
Let o be (-2)/(-11) - 136/22. Let v(a) be the third derivative of -a**4/12 + a**3/3 - a**2. What are the prime factors of v(o)?
2, 7
Suppose 57 = -3*x + 159. Let m = x + -11. What are the prime factors of m?
23
Let q(l) = 5*l**2 + l. Let d be q(-1). Let u(w) be the first derivative of 2*w**2 - 4*w - 3. What are the prime factors of u(d)?
2, 3
Suppose 4*b = 13 + 3. Suppose v + 3*h + 6 = 0, b*v - 2*h = 1 + 3. Let y = 11 - v. What are the prime factors of y?
11
Suppose n - 5*a = 8, 0*n + n - 1 = -2*a. Suppose -2*m + 1 = -n*m. Let b(w) = 5*w**2. List the prime factors of b(m).
5
What are the prime factors of (-18844)/(-70) - (-1)/(-5)?
269
Let p(j) = j**3 + 4*j**2 + 1. Let a be p(-4). Let d = 3 - a. List the prime factors of d.
2
Let k(v) = v**2 - v + 16 + 0*v + 7 + 2. List the prime factors of k(0).
5
What are the prime factors of ((-6)/(-4))/(15/210)?
3, 7
Let i(v) = v**3 - 15*v**2 + 17*v - 19. List the prime factors of i(14).
23
Let g = -73 - -204. What are the prime factors of g?
131
Let a = 20 + -8. Let w = 40 - a. What are the prime factors of w?
2, 7
Let l(p) = p**2 - 12*p + 12. Let b(m) = 5*m**2 - 61*m + 61. Let r(c) = -2*b(c) + 11*l(c). What are the prime factors of r(10)?
2, 5
Let j = 1 + 4. Suppose -j*f + 25 = -2